1239. Calculate w(25).
11
Let l(j) = 26*j - 1222. What is l(47)?
0
Let v(m) = -m**2 + 142*m - 4518. Calculate v(94).
-6
Let s(r) = 2860*r + 48618. Give s(-17).
-2
Let d(u) = 4*u**2 + 194*u - 1512. What is d(8)?
296
Let j(p) = -4*p**2 - 236*p - 471. What is j(-2)?
-15
Let r(u) = -38*u + 17. What is r(-1)?
55
Let p(c) = -c**3 + 14*c**2 + 20*c - 33. Calculate p(15).
42
Let s(v) = 281*v**2 - 1973*v + 31. Give s(7).
-11
Let a(y) = -5*y**2 + 15*y - 68. Determine a(0).
-68
Let h(m) = -m**3 - 35*m**2 - 199*m - 103. What is h(-28)?
-19
Let d(q) = -11*q**2 + 70*q + 30. Determine d(5).
105
Let r(d) = -400*d**3 + 7*d**2 + 17*d - 17. What is r(1)?
-393
Let y(p) = -2*p**3 - 25*p**2 + 16*p + 11. Calculate y(-13).
-28
Let l(m) = -1054*m + 4207. Calculate l(4).
-9
Let s(m) = 3*m**3 - m**2 + 169*m - 341. Give s(2).
17
Let l(y) = 5*y**2 - 443*y + 272. Give l(88).
8
Let r(v) = 33*v**3 - 165*v**2 + 5*v - 18. Determine r(5).
7
Let g(o) = o**2 - 15*o - 486. What is g(31)?
10
Let l(u) = -u**3 - 7*u**2 + 237*u + 1757. What is l(-15)?
2
Let z(d) = 940*d - 7510. Give z(8).
10
Let b(y) = -y**3 - 28*y**2 - 17*y - 471. Calculate b(-28).
5
Let g(r) = r**3 - 17*r**2 - 28*r + 498. Determine g(17).
22
Let i(g) = g**2 - 34*g + 259. Give i(9).
34
Let f(t) = -884*t - 4450. What is f(-5)?
-30
Let n(l) = -14*l**2 - 320*l - 1256. What is n(-5)?
-6
Let a(d) = -d**3 - 16*d**2 + 9*d - 64. Determine a(-17).
72
Let m(f) = f**2 - 9*f - 15. What is m(-7)?
97
Let h(j) = -1360*j + 35343. Give h(26).
-17
Let x(m) = 76*m + 747. Determine x(-10).
-13
Let a(k) = -k - 175. Determine a(53).
-228
Let g(d) = -d**3 - 12*d**2 + 11*d + 338. Give g(-9).
-4
Let o(c) = 4*c**2 + 46*c - 95. Determine o(-14).
45
Let u(p) = -p**2 - 198*p - 6334. Give u(-40).
-14
Let j(s) = 2*s**2 + 158*s + 776. Calculate j(-74).
36
Let s(c) = 158*c + 3509. Determine s(-22).
33
Let c(v) = 43*v**3 - v**2 + 8*v - 9. Give c(1).
41
Let z(d) = -d**3 + 10*d**2 + 21*d - 89. Calculate z(11).
21
Let v(q) = -q**2 + 16*q - 66. Determine v(18).
-102
Let b(m) = 14*m**2 + 187*m + 509. Give b(-4).
-15
Let b(a) = -2*a**3 - 9*a**2 + 10*a - 48. What is b(-6)?
0
Let k(s) = -s**2 + 38*s - 97. Calculate k(39).
-136
Let g(p) = -98*p - 1055. Determine g(-11).
23
Let m(o) = -517*o + 3102. Determine m(6).
0
Let o(a) = -9*a + 30. What is o(12)?
-78
Let q(b) = b**2 - 70*b + 328. Give q(57).
-413
Let u(f) = -f**3 - 53*f**2 - 98*f + 419. Calculate u(-51).
215
Let d(u) = 26*u + 10. Calculate d(7).
192
Let y(a) = -a**3 + 10*a**2 - 28*a + 57. Give y(6).
33
Let k(l) = l**3 + 26*l**2 + 136*l + 54. Determine k(-19).
-3
Let o(r) = -3*r**2 - 21*r - 62. What is o(-12)?
-242
Let b(x) = 4*x**2 - 39*x - 16. Determine b(10).
-6
Let r(k) = 8*k**3 - 38*k**2 - 102*k + 454. Calculate r(5).
-6
Let h(o) = -78*o**3 - o**2 - 6*o - 4. Give h(-1).
79
Let v(z) = 759*z**2 + 42505*z + 55. Determine v(-56).
-1
Let g(h) = 2*h**2 + 5*h - 404. Determine g(15).
121
Let s(p) = -29*p**2 + 32*p - 60. Calculate s(2).
-112
Let u(k) = 202*k + 1648. Give u(-8).
32
Let v(c) = -23*c - 641. Determine v(-22).
-135
Let p(t) = -30*t - 2205. Give p(-74).
15
Let g(a) = 12*a**2 + 638*a + 96. Determine g(-53).
-10
Let q(z) = -20*z**2 + 2807*z - 973. What is q(140)?
7
Let j(c) = -c**3 - 24*c**2 - 59*c + 98. Calculate j(-21).
14
Let n(u) = -u**3 + 205*u**2 - 829*u + 5008. Calculate n(201).
-17
Let g(s) = 2*s**3 - 2*s**2 - s - 3. Give g(2).
3
Let q(r) = 8*r**2 - 458*r + 110. What is q(57)?
-4
Let u(n) = 14*n + 130. Calculate u(7).
228
Let t(s) = 19*s**2 - 626*s - 50. Calculate t(33).
-17
Let i(x) = x**2 + 20*x + 74. Give i(-9).
-25
Let k(c) = -31*c + 2062. Determine k(70).
-108
Let d(w) = 42*w + 560. Give d(-16).
-112
Let n(m) = -m**3 + 10*m**2 + 24*m + 2. What is n(11)?
145
Let f(i) = -2*i**2 + 104*i - 298. What is f(49)?
-4
Let n(y) = -y**2 + 46*y - 437. What is n(28)?
67
Let y(c) = 2331*c + 18648. Determine y(-8).
0
Let k(q) = 2*q**2 - 47*q - 9870. What is k(83)?
7
Let a(s) = -s**2 + 7*s + 41. What is a(12)?
-19
Let g(b) = 3*b**3 + 17*b**2 + 49*b + 1. What is g(-5)?
-194
Let z(n) = 949*n + 10436. What is z(-11)?
-3
Let l(v) = v**3 - 19*v**2 + 44*v - 39. Calculate l(18).
429
Let q(g) = g**3 + 14*g**2 + 22*g - 44. Calculate q(-7).
145
Let h(j) = 50*j**2 + 8*j - 26. Calculate h(3).
448
Let r(b) = -224*b - 18146. What is r(-81)?
-2
Let z(u) = -188*u**2 - 3565*u + 27. Determine z(-19).
-106
Let c(p) = 170*p - 12388. Calculate c(73).
22
Let b(l) = -2*l**3 + 162*l**2 + 331*l - 3. Give b(-2).
-1
Let y(q) = 4*q**2 - 203*q - 49. Calculate y(51).
2
Let k(l) = l**3 + 26*l**2 + 50*l + 39. Determine k(-24).
-9
Let h(o) = -283*o - 1049. What is h(-4)?
83
Let t(x) = 4342*x + 26050. Determine t(-6).
-2
Let b(l) = 316*l - 2213. Determine b(7).
-1
Let f(i) = 18*i**2 - 362*i + 18. Calculate f(20).
-22
Let j(m) = 2*m**3 + 11*m**2 + 11*m - 62. What is j(-8)?
-470
Let v(w) = 29*w**2 + 171*w - 8. Give v(-6).
10
Let r(o) = o**2 - 63*o + 33. Give r(0).
33
Let r(x) = -x**3 - 8*x**2 - 13*x - 98. What is r(-8)?
6
Let t(w) = -114*w + 4099. Give t(36).
-5
Let s(q) = -q**3 + 79*q**2 - 79*q + 79. Give s(78).
1
Let v(i) = i + 20. Calculate v(14).
34
Let l(m) = 99*m + 3971. What is l(-40)?
11
Let x(i) = 2*i**3 + 32*i**2 + 131*i + 1046. Give x(-14).
-4
Let r(g) = 8*g**2 - 44*g - 92. Give r(-2).
28
Let o(l) = 15*l - 93. Give o(2).
-63
Let o(y) = -36*y**3 - 3*y**2 - 10*y - 9. Calculate o(-2).
287
Let b(r) = -2*r + 68. Calculate b(28).
12
Let d(c) = 7320*c + 7307. Calculate d(-1).
-13
Let s(y) = 11*y**2 + 5*y - 20. Calculate s(-4).
136
Let t(a) = -a**3 - 17*a**2 + 106*a + 2035. Calculate t(-15).
-5
Let m(r) = -48*r - 378. Give m(-8).
6
Let g(v) = -1844*v - 9166. Give g(-5).
54
Let h(c) = -2*c**2 + 17*c + 1942. Determine h(36).
-38
Let l(c) = c**2 - 85*c - 957. What is l(-10)?
-7
Let w(s) = -4*s**2 - 9*s + 69. Give w(-6).
-21
Let l(m) = -3*m**3 - 78*m**2 + 18*m + 71. What is l(-26)?
-397
Let k(a) = 1023*a - 7157. Determine k(7).
4
Let j(x) = 3*x**3 - x**2 + 27*x - 29. Give j(1).
0
Let q(m) = 12*m**2 + 199*m + 510. Determine q(-3).
21
Let f(v) = -18*v**3 - 12*v**2 + 16*v - 1. Determine f(2).
-161
Let o(s) = -15*s**2 + 82*s - 4. What is o(7)?
-165
Let k(a) = -2*a**3 - 259*a**2 - 629*a + 764. What is k(-127)?
2
Let l(b) = -51*b - 362. Determine l(-7).
-5
Let n(o) = 15*o - 312. Calculate n(11).
-147
Let f(d) = 110*d - 6742. Determine f(61).
-32
Let a(i) = -1003*i + 878. Calculate a(1).
-125
Let d(f) = f**3 + 10*f**2 - 230*f - 1984. Calculate d(-8).
-16
Let k(u) = -u**3 - 17*u**2 + 59*u - 35. What is k(-19)?
-434
Let g(p) = -46*p + 7983. Give g(175).
-67
Let r(n) = -n**2 + 657*n - 18816. Give r(30).
-6
Let v(y) = 3*y**3 + 453*y**2 - 5*y - 742. Calculate v(-151).
13
Let i(j) = 3*j**2 + 181*j - 308. Give i(-62).
2
Let z(y) = -65*y**2 - y - 2. What is z(2)?
-264
Let h(a) = -2*a**3 + 25*a**2 - 4*a - 114. What is h(12)?
-18
Let c(x) = -x**3 - 4*x**2 + 167*x + 48. Determine c(-15).
18
Let d(y) = -296*y + 3902. Give d(13).
54
Let k(u) = 3*u**2 + 155*u + 1690. Determine k(-16).
-22
Let a(t) = 10776*t - 86207. Give a(8).
1
Let x(r) = -348*r - 11474. What is x(-33)?
10
Let n(x) = x**2 - 17*x + 77. What is n(22)?
187
Let v(d) = -173*d + 166. Calculate v(1).
-7
Let i(t) = -t**2 - 59*t - 460. Give i(-9).
-10
Let k(g) = -g**3 + 25*g**2 + 443*g + 37. Determine k(37).
0
Let o(p) = -p**3 - 17*p**2 - 38*p + 40. Calculate o(-14).
-16
Let q(r) = -r**2 - 90*r - 1665. What is q(-64)?
-1
Let p(n) = 7*n**2 + 7*n. Give p(3).
84
Let r(i) = -i**3 + 21*i**2 - 44*i - 11. What is r(19)?
-125
Let h(f) = -2*f**3 - 38*f**2 - 38*f - 217. Calculate h(-18).
-181
Let y(m) = m**3 + 26*m**2 + 23*m - 46. What is y(-25)?
4
Let t(i) = 2*i**2 + 46*i - 1602. Determine t(-42).
-6
Let n(u) = u**3 + 122*u**2 - 124*u - 109. What is n(-123)?
14
Let r(v) = 54*v**3 - 1078*v**2 - 38*v - 18. Give r(20).
22
Let p(x) = 123*x + 4812. What is p(-40)?
-108
Let o(a) = 14*a**2 - 1084*a + 5. Give o(77).
-457
Let s(n) = -7*n**2 - 42*n + 193. Give s(-9).
4
Let t(a) = 2*a**3 + 53*a**2 + 24*a - 103. Give t(-26).
-51
Let d(o) = -3*o**3 + 25*o**2 - 55*o - 48. Calculate d(8).
-424
Let r(h) = h**3 - 3*h**2 + 103*h - 577. What is r(5)?
-12
Let y(p) = -8*p**2 - 15*p + 5. Determine y(-2).
3
Let a(b) = 320*b**2 + 44*b - 42. Determine a(1).
322
Let s(o) = -140*o + 1873. Calculate s(13).
53
Let q(n) = 3*n**2 + 22*n